rs of 87886?
2, 43943
List the prime factors of 39836.
2, 23, 433
List the prime factors of 241099.
353, 683
What are the prime factors of 169907?
131, 1297
List the prime factors of 99557.
29, 3433
What are the prime factors of 60228?
2, 3, 7, 239
What are the prime factors of 3679213?
3679213
What are the prime factors of 270999?
3, 10037
What are the prime factors of 347873?
347873
List the prime factors of 9223113.
3, 19, 43, 53, 71
What are the prime factors of 2307641?
7, 329663
What are the prime factors of 258590?
2, 5, 19, 1361
List the prime factors of 18117243.
3, 523, 1283
List the prime factors of 2675390.
2, 5, 19, 14081
List the prime factors of 365903.
365903
List the prime factors of 19864413.
3, 735719
What are the prime factors of 9204722?
2, 53, 86837
What are the prime factors of 4760311?
4760311
What are the prime factors of 572606?
2, 41, 6983
What are the prime factors of 27637?
29, 953
List the prime factors of 328666.
2, 13, 12641
What are the prime factors of 2697647?
23, 53, 2213
What are the prime factors of 6491391?
3, 37, 58481
What are the prime factors of 1953485?
5, 19, 20563
List the prime factors of 184201.
167, 1103
List the prime factors of 1083361.
19, 3001
List the prime factors of 48295.
5, 13, 743
What are the prime factors of 10168251?
3, 3389417
What are the prime factors of 1944180?
2, 3, 5, 7, 1543
What are the prime factors of 25167047?
25167047
What are the prime factors of 189832?
2, 61, 389
What are the prime factors of 3216079?
3216079
What are the prime factors of 3152807?
7, 37, 47
What are the prime factors of 575121?
3, 191707
List the prime factors of 101295.
3, 5, 2251
List the prime factors of 762771.
3, 254257
What are the prime factors of 60450?
2, 3, 5, 13, 31
List the prime factors of 5844191.
19, 307589
List the prime factors of 252326.
2, 79, 1597
What are the prime factors of 4804989?
3, 7, 32687
List the prime factors of 13420446.
2, 3, 13, 17, 29, 349
What are the prime factors of 9633820?
2, 5, 7, 68813
What are the prime factors of 6390494?
2, 11, 26407
List the prime factors of 31806076.
2, 19, 431, 971
List the prime factors of 1725794.
2, 7, 131, 941
What are the prime factors of 16398961?
16398961
List the prime factors of 221083.
221083
List the prime factors of 10798579.
11, 47, 20887
List the prime factors of 4447863.
3, 7, 17, 4153
List the prime factors of 105328.
2, 29, 227
What are the prime factors of 983616?
2, 3, 47, 109
List the prime factors of 3275799.
3, 383, 2851
List the prime factors of 401329.
401329
What are the prime factors of 16474903?
271, 60793
What are the prime factors of 97054?
2, 48527
What are the prime factors of 473358?
2, 3, 78893
What are the prime factors of 273582?
2, 3, 15199
List the prime factors of 3612000.
2, 3, 5, 7, 43
List the prime factors of 1315097.
7, 187871
What are the prime factors of 206209?
206209
List the prime factors of 1042724.
2, 29, 89, 101
What are the prime factors of 25813573?
401, 64373
List the prime factors of 73345.
5, 14669
List the prime factors of 1411861.
11, 128351
List the prime factors of 8312807.
2557, 3251
What are the prime factors of 3709412?
2, 7, 137, 967
What are the prime factors of 114226?
2, 7, 41, 199
What are the prime factors of 1107947?
19, 58313
List the prime factors of 2788713.
3, 309857
What are the prime factors of 8186279?
8186279
What are the prime factors of 6698242?
2, 3349121
List the prime factors of 2038150.
2, 5, 40763
List the prime factors of 4325117.
4325117
List the prime factors of 1023447.
3, 97, 3517
List the prime factors of 1749834.
2, 3, 97213
List the prime factors of 58227.
3, 13, 1493
List the prime factors of 3154521.
3, 1051507
What are the prime factors of 2074594?
2, 1037297
List the prime factors of 13815325.
5, 241, 2293
List the prime factors of 3824257.
593, 6449
What are the prime factors of 5263736?
2, 239, 2753
What are the prime factors of 2057136?
2, 3, 17, 2521
List the prime factors of 1708675.
5, 41, 1667
What are the prime factors of 861894?
2, 3, 11, 1451
What are the prime factors of 94165?
5, 37, 509
List the prime factors of 417713.
137, 3049
What are the prime factors of 2047821?
3, 682607
What are the prime factors of 14770?
2, 5, 7, 211
What are the prime factors of 3675551?
11, 113, 2957
List the prime factors of 176637.
3, 97, 607
What are the prime factors of 152723?
152723
List the prime factors of 298607.
298607
List the prime factors of 3831377.
11, 348307
What are the prime factors of 17248875?
3, 5, 7, 6571
List the prime factors of 22931157.
3, 19, 37, 83, 131
List the prime factors of 648105.
3, 5, 43207
What are the prime factors of 1269755?
5, 253951
What are the prime factors of 45444?
2, 3, 7, 541
List the prime factors of 22706305.
5, 17, 267133
What are the prime factors of 2135496?
2, 3, 11, 8089
List the prime factors of 42620576.
2, 67, 103, 193
What are the prime factors of 239924?
2, 59981
What are the prime factors of 458313?
3, 227, 673
What are the prime factors of 347802?
2, 3, 7, 13
What are the prime factors of 5503749?
3, 19, 96557
List the prime factors of 15647.
15647
List the prime factors of 3102877.
3102877
What are the prime factors of 317588?
2, 79397
What are the prime factors of 3498951?
3, 71, 16427
List the prime factors of 292436.
2, 29, 2521
List the prime factors of 494646.
2, 3, 19, 4339
List the prime factors of 713821.
113, 6317
What are the prime factors of 2891455?
5, 7, 82613
List the prime factors of 58407.
3, 19469
List the prime factors of 500507.
7, 127, 563
What are the prime factors of 190666?
2, 7, 13619
What are the prime factors of 71401?
11, 6491
What are the prime factors of 3694?
2, 1847
List the prime factors of 12206551.
7, 1743793
What are the prime factors of 2069790?
2, 3, 5, 68993
What are the prime factors of 161450?
2, 5, 3229
What are the prime factors of 990316?
2, 247579
What are the prime factors of 269153?
79, 3407
List the prime factors of 2909717.
19, 37, 4139
What are the prime factors of 8896083?
3, 7, 17, 24919
List the prime factors of 251983.
251983
List the prime factors of 256816.
2, 7, 2293
List the prime factors of 520478.
2, 7, 47, 113
List the prime factors of 1879461.
3, 19, 29, 379
What are the prime factors of 1736681?
1736681
List the prime factors of 26423485.
5, 11, 480427
List the prime factors of 345018.
2, 3, 57503
What are the prime factors of 35198536?
2, 4399817
What are the prime factors of 2017721?
23, 37, 2371
What are the prime factors of 117399?
3, 39133
List the prime factors of 2502901.
43, 58207
What are the prime factors of 7310705?
5, 67, 139, 157
What are the prime factors of 15738014?
2, 41, 59, 3253
List the prime factors of 1083225.
3, 5, 11, 13, 101
What are the prime factors of 12209018?
2, 71, 127, 677
List the prime factors of 603464.
2, 241, 313
What are the prime factors of 45017?
7, 59, 109
List the prime factors of 18465024.
2, 3, 24043
List the prime factors of 333730.
2, 5, 23, 1451
What are the prime factors of 266682?
2, 3, 13, 263
What are the prime factors of 190353?
3, 107, 593
List the prime factors of 221433.
3, 31, 2381
List the prime factors of 164344.
2, 20543
List the prime factors of 27756594.
2, 3, 31, 5527
What are the prime factors of 306713?
11, 27883
List the prime factors of 4223115.
3, 5, 13, 7219
List the prime factors of 50898.
2, 3, 17, 499
List the prime factors of 59945.
5, 19, 631
List the prime factors of 9033337.
9033337
What are the prime factors of 8985006?
2, 3, 37, 1499
What are the prime factors of 1763774?
2, 43, 20509
What are the prime factors of 1305497?
241, 5417
List the prime factors of 2626245.
3, 5, 17, 3433
What are the prime factors of 1602119?
1602119
What are the prime factors of 344637?
3, 149, 257
List the prime factors of 1846203.
3, 615401
What are the prime factors of 827085?
3, 5, 7, 7877
List the prime factors of 11122626.
2, 3, 1853771
List the prime factors of 3261244.
2, 7, 2377
What are the prime factors of 9746405?
5, 641, 3041
List the prime factors of 2578321.
113, 22817
List the prime factors of 1846636.
2, 11, 41969
List the prime factors of 28282.
2, 79, 179
List the prime factors of 321093.
3, 35677
List the prime factors of 537420.
2, 3, 5, 13, 53
Lis